{"id":18930,"date":"2025-12-27T10:52:14","date_gmt":"2025-12-27T13:52:14","guid":{"rendered":"https:\/\/sage.com.uy\/?post_type=product&#038;p=18930"},"modified":"2025-12-27T10:54:29","modified_gmt":"2025-12-27T13:54:29","slug":"reel-rotativo-sumax-salminus-plus-11000","status":"publish","type":"product","link":"https:\/\/sage.com.uy\/?product=reel-rotativo-sumax-salminus-plus-11000","title":{"rendered":"Reel Rotativo Sumax Salminus Plus-11000"},"content":{"rendered":"<p>\u00a1Ha llegado el nuevo carrete Sumax Salminus Plus!<\/p>\n<p>Ideal para quienes buscan un carrete Big Game, con:<\/p>\n<p>\u2013 Perfil bajo y compacto<br \/>\n\u2013 Gran capacidad de l\u00ednea<br \/>\n\u2013 Adecuado para grandes depredadores<br \/>\n\u2013 Perfecto para agua dulce y salada<br \/>\n\u2013 Construcci\u00f3n s\u00f3lida, resistente y duradera<br \/>\n\u2013 Sistema con protecci\u00f3n anticorrosi\u00f3n<\/p>\n<p>Especificaciones t\u00e9cnicas:<\/p>\n<p>\u2013 11 rodamientos de acero inoxidable<br \/>\n\u2013 Relaci\u00f3n de transmisi\u00f3n: 7,2:1<br \/>\n\u2013 Arrastre m\u00e1ximo: 33 lbs<br \/>\n\u2013 Carrete de aluminio mecanizado por CNC<br \/>\n\u2013 Capacidad de l\u00ednea: 0,28 mm \/ 280 m<br \/>\n\u2013 Cuerpo de fibra de carbono reforzad<\/p>\n","protected":false},"excerpt":{"rendered":"<p>\u00a1Ha llegado el nuevo carrete Sumax Salminus Plus! Ideal para quienes buscan un carrete Big Game, con: \u2013 Perfil bajo y compacto \u2013 Gran capacidad de l\u00ednea \u2013 Adecuado para grandes depredadores \u2013 Perfecto para agua dulce y salada \u2013 Construcci\u00f3n s\u00f3lida, resistente y duradera \u2013 Sistema con protecci\u00f3n anticorrosi\u00f3n Especificaciones t\u00e9cnicas: \u2013 11 rodamientos [&hellip;]<\/p>\n","protected":false},"featured_media":18933,"comment_status":"open","ping_status":"closed","template":"","meta":{"om_disable_all_campaigns":false,"_monsterinsights_skip_tracking":false,"_monsterinsights_sitenote_active":false,"_monsterinsights_sitenote_note":"","_monsterinsights_sitenote_category":0,"_uf_show_specific_survey":0,"_uf_disable_surveys":false,"ocean_post_layout":"","ocean_both_sidebars_style":"","ocean_both_sidebars_content_width":0,"ocean_both_sidebars_sidebars_width":0,"ocean_sidebar":"0","ocean_second_sidebar":"0","ocean_disable_margins":"enable","ocean_add_body_class":"","ocean_shortcode_before_top_bar":"","ocean_shortcode_after_top_bar":"","ocean_shortcode_before_header":"","ocean_shortcode_after_header":"","ocean_has_shortcode":"","ocean_shortcode_after_title":"","ocean_shortcode_before_footer_widgets":"","ocean_shortcode_after_footer_widgets":"","ocean_shortcode_before_footer_bottom":"","ocean_shortcode_after_footer_bottom":"","ocean_display_top_bar":"default","ocean_display_header":"default","ocean_header_style":"","ocean_center_header_left_menu":"0","ocean_custom_header_template":"0","ocean_custom_logo":0,"ocean_custom_retina_logo":0,"ocean_custom_logo_max_width":0,"ocean_custom_logo_tablet_max_width":0,"ocean_custom_logo_mobile_max_width":0,"ocean_custom_logo_max_height":0,"ocean_custom_logo_tablet_max_height":0,"ocean_custom_logo_mobile_max_height":0,"ocean_header_custom_menu":"0","ocean_menu_typo_font_family":"0","ocean_menu_typo_font_subset":"","ocean_menu_typo_font_size":0,"ocean_menu_typo_font_size_tablet":0,"ocean_menu_typo_font_size_mobile":0,"ocean_menu_typo_font_size_unit":"px","ocean_menu_typo_font_weight":"","ocean_menu_typo_font_weight_tablet":"","ocean_menu_typo_font_weight_mobile":"","ocean_menu_typo_transform":"","ocean_menu_typo_transform_tablet":"","ocean_menu_typo_transform_mobile":"","ocean_menu_typo_line_height":0,"ocean_menu_typo_line_height_tablet":0,"ocean_menu_typo_line_height_mobile":0,"ocean_menu_typo_line_height_unit":"","ocean_menu_typo_spacing":0,"ocean_menu_typo_spacing_tablet":0,"ocean_menu_typo_spacing_mobile":0,"ocean_menu_typo_spacing_unit":"","ocean_menu_link_color":"","ocean_menu_link_color_hover":"","ocean_menu_link_color_active":"","ocean_menu_link_background":"","ocean_menu_link_hover_background":"","ocean_menu_link_active_background":"","ocean_menu_social_links_bg":"","ocean_menu_social_hover_links_bg":"","ocean_menu_social_links_color":"","ocean_menu_social_hover_links_color":"","ocean_disable_title":"default","ocean_disable_heading":"default","ocean_post_title":"","ocean_post_subheading":"","ocean_post_title_style":"","ocean_post_title_background_color":"","ocean_post_title_background":0,"ocean_post_title_bg_image_position":"","ocean_post_title_bg_image_attachment":"","ocean_post_title_bg_image_repeat":"","ocean_post_title_bg_image_size":"","ocean_post_title_height":0,"ocean_post_title_bg_overlay":0.5,"ocean_post_title_bg_overlay_color":"","ocean_disable_breadcrumbs":"default","ocean_breadcrumbs_color":"","ocean_breadcrumbs_separator_color":"","ocean_breadcrumbs_links_color":"","ocean_breadcrumbs_links_hover_color":"","ocean_display_footer_widgets":"default","ocean_display_footer_bottom":"default","ocean_custom_footer_template":"0"},"product_brand":[236],"product_cat":[28,29],"product_tag":[49,332,333,50,31,32,326,33,334,51],"class_list":{"0":"post-18930","1":"product","2":"type-product","3":"status-publish","4":"has-post-thumbnail","6":"product_brand-sumax","7":"product_cat-reeles","8":"product_cat-rotativos-sumax","9":"product_tag-baitcasting","10":"product_tag-big-game","11":"product_tag-dorado","12":"product_tag-galleta","13":"product_tag-reel","14":"product_tag-rotativo","15":"product_tag-rulemanes-de-agua-salada","16":"product_tag-sumax","17":"product_tag-surubi","18":"product_tag-trolling","20":"entry","21":"has-media","23":"first","24":"instock","25":"shipping-taxable","26":"purchasable","27":"product-type-variable","28":"has-product-nav","29":"col","30":"span_1_of_4","31":"owp-content-center","32":"owp-thumbs-layout-horizontal","33":"owp-btn-big","34":"owp-tabs-layout-vertical"},"aioseo_notices":[],"_links":{"self":[{"href":"https:\/\/sage.com.uy\/index.php?rest_route=\/wp\/v2\/product\/18930","targetHints":{"allow":["GET"]}}],"collection":[{"href":"https:\/\/sage.com.uy\/index.php?rest_route=\/wp\/v2\/product"}],"about":[{"href":"https:\/\/sage.com.uy\/index.php?rest_route=\/wp\/v2\/types\/product"}],"replies":[{"embeddable":true,"href":"https:\/\/sage.com.uy\/index.php?rest_route=%2Fwp%2Fv2%2Fcomments&post=18930"}],"wp:featuredmedia":[{"embeddable":true,"href":"https:\/\/sage.com.uy\/index.php?rest_route=\/wp\/v2\/media\/18933"}],"wp:attachment":[{"href":"https:\/\/sage.com.uy\/index.php?rest_route=%2Fwp%2Fv2%2Fmedia&parent=18930"}],"wp:term":[{"taxonomy":"product_brand","embeddable":true,"href":"https:\/\/sage.com.uy\/index.php?rest_route=%2Fwp%2Fv2%2Fproduct_brand&post=18930"},{"taxonomy":"product_cat","embeddable":true,"href":"https:\/\/sage.com.uy\/index.php?rest_route=%2Fwp%2Fv2%2Fproduct_cat&post=18930"},{"taxonomy":"product_tag","embeddable":true,"href":"https:\/\/sage.com.uy\/index.php?rest_route=%2Fwp%2Fv2%2Fproduct_tag&post=18930"}],"curies":[{"name":"wp","href":"https:\/\/api.w.org\/{rel}","templated":true}]}}