{"id":10969,"date":"2025-12-22T13:44:52","date_gmt":"2025-12-22T16:44:52","guid":{"rendered":"https:\/\/sage.com.uy\/?post_type=product&#038;p=10969"},"modified":"2025-12-22T13:44:53","modified_gmt":"2025-12-22T16:44:53","slug":"linea-multifilamento-sumax-scorpion-100-dyneema-x8-x150mts","status":"publish","type":"product","link":"https:\/\/sage.com.uy\/?product=linea-multifilamento-sumax-scorpion-100-dyneema-x8-x150mts","title":{"rendered":"Linea Multifilamento Sumax Scorpion 100% Dyneema x8 x150mts"},"content":{"rendered":"<p>Scorpion X8<br \/>\nL\u00ednea multifilamento Scorpion X8. L\u00ednea multifilamento Scorpion X8 de 8 hilos trenzados, producida con 100% fibra Dyneema, la misma fibra utilizada en la construcci\u00f3n de chalecos antibalas, cuerdas para barcos y otros art\u00edculos de alta tecnolog\u00eda. Una l\u00ednea s\u00faper resistente, poco abrasiva y de larga durabilidad, Scorpion es la l\u00ednea de pesca m\u00e1s avanzada del mercado, garantizando una excelente relaci\u00f3n calidad-precio. Tambi\u00e9n permite utilizar l\u00edneas con di\u00e1metros m\u00e1s peque\u00f1os, proporcionando lances m\u00e1s largos y precisos.<br \/>\nDisponible en las siguientes medidas:<br \/>\n0.18mm &#8211; 30lbs<br \/>\n0.20mm &#8211; 35lbs<br \/>\n0.25mm &#8211; 40lbs<br \/>\n0.30mm &#8211; 50lbs<br \/>\n0.35mm &#8211; 60lbs<br \/>\n0.40mm &#8211; 70lbs<br \/>\n0.45mm &#8211; 80lbs<br \/>\n0.50mm &#8211; 100lbs<\/p>\n","protected":false},"excerpt":{"rendered":"<p>Scorpion X8 L\u00ednea multifilamento Scorpion X8. L\u00ednea multifilamento Scorpion X8 de 8 hilos trenzados, producida con 100% fibra Dyneema, la misma fibra utilizada en la construcci\u00f3n de chalecos antibalas, cuerdas para barcos y otros art\u00edculos de alta tecnolog\u00eda. Una l\u00ednea s\u00faper resistente, poco abrasiva y de larga durabilidad, Scorpion es la l\u00ednea de pesca m\u00e1s [&hellip;]<\/p>\n","protected":false},"featured_media":10978,"comment_status":"open","ping_status":"closed","template":"","meta":{"om_disable_all_campaigns":false,"_monsterinsights_skip_tracking":false,"_monsterinsights_sitenote_active":false,"_monsterinsights_sitenote_note":"","_monsterinsights_sitenote_category":0,"_uf_show_specific_survey":0,"_uf_disable_surveys":false,"ocean_post_layout":"","ocean_both_sidebars_style":"","ocean_both_sidebars_content_width":0,"ocean_both_sidebars_sidebars_width":0,"ocean_sidebar":"0","ocean_second_sidebar":"0","ocean_disable_margins":"enable","ocean_add_body_class":"","ocean_shortcode_before_top_bar":"","ocean_shortcode_after_top_bar":"","ocean_shortcode_before_header":"","ocean_shortcode_after_header":"","ocean_has_shortcode":"","ocean_shortcode_after_title":"","ocean_shortcode_before_footer_widgets":"","ocean_shortcode_after_footer_widgets":"","ocean_shortcode_before_footer_bottom":"","ocean_shortcode_after_footer_bottom":"","ocean_display_top_bar":"default","ocean_display_header":"default","ocean_header_style":"","ocean_center_header_left_menu":"0","ocean_custom_header_template":"0","ocean_custom_logo":0,"ocean_custom_retina_logo":0,"ocean_custom_logo_max_width":0,"ocean_custom_logo_tablet_max_width":0,"ocean_custom_logo_mobile_max_width":0,"ocean_custom_logo_max_height":0,"ocean_custom_logo_tablet_max_height":0,"ocean_custom_logo_mobile_max_height":0,"ocean_header_custom_menu":"0","ocean_menu_typo_font_family":"0","ocean_menu_typo_font_subset":"","ocean_menu_typo_font_size":0,"ocean_menu_typo_font_size_tablet":0,"ocean_menu_typo_font_size_mobile":0,"ocean_menu_typo_font_size_unit":"px","ocean_menu_typo_font_weight":"","ocean_menu_typo_font_weight_tablet":"","ocean_menu_typo_font_weight_mobile":"","ocean_menu_typo_transform":"","ocean_menu_typo_transform_tablet":"","ocean_menu_typo_transform_mobile":"","ocean_menu_typo_line_height":0,"ocean_menu_typo_line_height_tablet":0,"ocean_menu_typo_line_height_mobile":0,"ocean_menu_typo_line_height_unit":"","ocean_menu_typo_spacing":0,"ocean_menu_typo_spacing_tablet":0,"ocean_menu_typo_spacing_mobile":0,"ocean_menu_typo_spacing_unit":"","ocean_menu_link_color":"","ocean_menu_link_color_hover":"","ocean_menu_link_color_active":"","ocean_menu_link_background":"","ocean_menu_link_hover_background":"","ocean_menu_link_active_background":"","ocean_menu_social_links_bg":"","ocean_menu_social_hover_links_bg":"","ocean_menu_social_links_color":"","ocean_menu_social_hover_links_color":"","ocean_disable_title":"default","ocean_disable_heading":"default","ocean_post_title":"","ocean_post_subheading":"","ocean_post_title_style":"","ocean_post_title_background_color":"","ocean_post_title_background":0,"ocean_post_title_bg_image_position":"","ocean_post_title_bg_image_attachment":"","ocean_post_title_bg_image_repeat":"","ocean_post_title_bg_image_size":"","ocean_post_title_height":0,"ocean_post_title_bg_overlay":0.5,"ocean_post_title_bg_overlay_color":"","ocean_disable_breadcrumbs":"default","ocean_breadcrumbs_color":"","ocean_breadcrumbs_separator_color":"","ocean_breadcrumbs_links_color":"","ocean_breadcrumbs_links_hover_color":"","ocean_display_footer_widgets":"default","ocean_display_footer_bottom":"default","ocean_custom_footer_template":"0"},"product_brand":[236],"product_cat":[58,70],"product_tag":[311,309,202,312,71,33],"class_list":{"0":"post-10969","1":"product","2":"type-product","3":"status-publish","4":"has-post-thumbnail","6":"product_brand-sumax","7":"product_cat-lineas","8":"product_cat-multifilamento","9":"product_tag-100-dyneema","10":"product_tag-8-hebras","11":"product_tag-linea","12":"product_tag-linea-dyneema","13":"product_tag-multifilamento","14":"product_tag-sumax","16":"entry","17":"has-media","19":"first","20":"instock","21":"shipping-taxable","22":"purchasable","23":"product-type-variable","24":"has-product-nav","25":"col","26":"span_1_of_4","27":"owp-content-center","28":"owp-thumbs-layout-horizontal","29":"owp-btn-big","30":"owp-tabs-layout-vertical","31":"has-no-thumbnails"},"aioseo_notices":[],"_links":{"self":[{"href":"https:\/\/sage.com.uy\/index.php?rest_route=\/wp\/v2\/product\/10969","targetHints":{"allow":["GET"]}}],"collection":[{"href":"https:\/\/sage.com.uy\/index.php?rest_route=\/wp\/v2\/product"}],"about":[{"href":"https:\/\/sage.com.uy\/index.php?rest_route=\/wp\/v2\/types\/product"}],"replies":[{"embeddable":true,"href":"https:\/\/sage.com.uy\/index.php?rest_route=%2Fwp%2Fv2%2Fcomments&post=10969"}],"wp:featuredmedia":[{"embeddable":true,"href":"https:\/\/sage.com.uy\/index.php?rest_route=\/wp\/v2\/media\/10978"}],"wp:attachment":[{"href":"https:\/\/sage.com.uy\/index.php?rest_route=%2Fwp%2Fv2%2Fmedia&parent=10969"}],"wp:term":[{"taxonomy":"product_brand","embeddable":true,"href":"https:\/\/sage.com.uy\/index.php?rest_route=%2Fwp%2Fv2%2Fproduct_brand&post=10969"},{"taxonomy":"product_cat","embeddable":true,"href":"https:\/\/sage.com.uy\/index.php?rest_route=%2Fwp%2Fv2%2Fproduct_cat&post=10969"},{"taxonomy":"product_tag","embeddable":true,"href":"https:\/\/sage.com.uy\/index.php?rest_route=%2Fwp%2Fv2%2Fproduct_tag&post=10969"}],"curies":[{"name":"wp","href":"https:\/\/api.w.org\/{rel}","templated":true}]}}